lculate q(-206).
4
Let p(b) = 2*b**2 - 68*b - 252. What is p(-4)?
52
Let a(r) = 432*r**2 - 9930*r - 123. What is a(23)?
15
Let a(r) = 17*r + 77. Determine a(2).
111
Let l(r) = 17*r**2 + 67*r + 125. Give l(-2).
59
Let h(i) = -859*i - 21490. Give h(-25).
-15
Let k(i) = -i**2 + 17*i + 673. Give k(37).
-67
Let k(j) = -j**3 - j**2 - 2*j + 11. Calculate k(4).
-77
Let q(n) = n**2 - 596*n + 1780. What is q(3)?
1
Let w(a) = 3*a**3 + 50*a**2 - 3*a + 193. Determine w(-17).
-45
Let k(j) = -j**3 + 4*j**2 + 14*j + 4. What is k(6)?
16
Let v(a) = -3*a**2 - 669*a - 17855. What is v(-192)?
1
Let h(g) = -214*g - 293. Determine h(-1).
-79
Let s(z) = 21*z - 195. Determine s(12).
57
Let k(w) = 2*w**3 + 81*w**2 - 604*w + 280. Determine k(-47).
-49
Let x(g) = -21*g**3 + 86*g**2 + 8*g - 14. What is x(4)?
50
Let l(g) = g**3 + 5*g**2 - 18*g + 12. What is l(-7)?
40
Let z(h) = -h**3 - 4*h**2 + 281*h - 74. What is z(-19)?
2
Let z(f) = -f**3 + 13*f**2 + 118*f - 1481. Determine z(10).
-1
Let m(y) = 78*y + 482. Determine m(-12).
-454
Let g(a) = -80*a + 1041. Give g(13).
1
Let f(t) = -117*t**3 - 2*t**2 - 9*t - 3. Determine f(-1).
121
Let u(t) = t**3 + 18*t**2 + 7*t - 300. What is u(-17)?
-130
Let u(h) = h**3 + 56*h**2 + 474*h + 600. What is u(-46)?
-44
Let d(i) = -8*i - 23. What is d(4)?
-55
Let y(f) = -16*f**3 - f**2 - 4*f - 3. Determine y(-1).
16
Let d(b) = 2*b**3 - 21*b**2 + 25*b + 1. Calculate d(6).
-173
Let s(u) = 9*u + 150. Determine s(6).
204
Let h(j) = 272*j + 11887. Calculate h(-44).
-81
Let y(f) = 36*f - 1513. Determine y(42).
-1
Let r(n) = 3*n**3 - 11*n**2 - 324*n + 983. What is r(3)?
-7
Let i(j) = 8*j**2 + 59*j + 24. Determine i(-5).
-71
Let n(z) = -13*z - 275. Give n(-17).
-54
Let n(b) = b**3 + 136*b**2 + 288*b + 2683. What is n(-134)?
3
Let m(d) = 259*d - 6730. Give m(26).
4
Let s(k) = 464*k + 933. Determine s(-2).
5
Let u(f) = -f**3 - 28*f**2 + 33*f + 25. Give u(-29).
-91
Let q(j) = -34*j**2 + 126*j - 46. Calculate q(3).
26
Let i(b) = -b**2 + 55*b + 4349. Calculate i(-44).
-7
Let s(y) = 2*y**3 + 31*y**2 - 19*y - 48. Calculate s(-16).
0
Let f(q) = 27*q - 1392. Determine f(41).
-285
Let x(q) = q**3 - 93*q**2 - 919*q + 96. Give x(102).
-6
Let s(x) = -733*x - 2192. Give s(-3).
7
Let v(w) = -w**3 - 3*w**2 + 101*w + 448. Calculate v(-9).
25
Let m(b) = -4*b**3 - 13*b**2 + 37*b + 9. Give m(4).
-307
Let b(z) = -49*z - 683. What is b(-19)?
248
Let p(v) = -1285*v + 82238. Determine p(64).
-2
Let v(s) = -16*s**2 - 385*s + 1294. Calculate v(3).
-5
Let l(f) = -122*f - 850. Determine l(-7).
4
Let x(r) = -3*r**3 - 31*r**2 - 23*r + 20. Determine x(-10).
150
Let u(o) = -o**2 - 50*o + 273. Calculate u(7).
-126
Let d(n) = -2*n**2 + 15*n + 382. Give d(-13).
-151
Let z(j) = 1270*j - 12625. Give z(10).
75
Let h(r) = -r**3 - 16*r**2 - 68*r - 2. Determine h(-10).
78
Let k(g) = -2*g**2 - 89*g + 1035. Give k(10).
-55
Let g(y) = -y**2 + 7*y + 103. Give g(14).
5
Let h(r) = -23*r - 660. Give h(-29).
7
Let q(l) = l**2 - 93*l + 875. Determine q(81).
-97
Let o(y) = 6*y**2 + 43*y + 130. Calculate o(-3).
55
Let z(a) = -2*a**3 - 23*a**2 + 13*a + 16. Calculate z(-12).
4
Let d(i) = 3*i**2 - 159*i - 35. Calculate d(0).
-35
Let p(q) = -90*q + 778. Determine p(9).
-32
Let h(w) = -4*w**2 + 158*w + 157. Calculate h(39).
235
Let d(u) = -43*u + 57. Calculate d(1).
14
Let l(z) = z**2 + 71*z + 4. Determine l(8).
636
Let s(f) = -174*f**3 + 873*f**2 - 5*f - 46. Determine s(5).
4
Let t(d) = 117*d + 4896. Calculate t(-42).
-18
Let o(s) = -3*s - 63. Determine o(-25).
12
Let g(p) = -6*p**2 + 57*p + 5. What is g(11)?
-94
Let h(n) = -529*n - 502. Calculate h(-1).
27
Let c(d) = 16*d**2 - 59*d - 54. Determine c(4).
-34
Let r(h) = -h**2 - 305*h - 6510. Calculate r(-23).
-24
Let p(v) = 297*v + 2978. Calculate p(-10).
8
Let n(r) = 32*r**2 + 4. Determine n(-1).
36
Let p(k) = -11*k + 245. Give p(19).
36
Let d(y) = -16*y + 564. Give d(25).
164
Let j(z) = z**3 - 40*z**2 + 391*z. Determine j(17).
0
Let p(o) = -456*o - 67951. Determine p(-149).
-7
Let d(q) = -2*q**3 + 66*q**2 - 8*q + 261. What is d(33)?
-3
Let z(p) = -p - 220. What is z(-34)?
-186
Let k(f) = f**3 - 8*f**2 + 36*f - 117. Give k(5).
-12
Let v(y) = -y**3 + 80*y**2 + 184*y - 1638. Calculate v(82).
2
Let m(y) = -150*y + 665. Give m(4).
65
Let h(i) = -i**3 + 10*i**2 + 22*i - 145. Give h(10).
75
Let c(k) = -k**2 + 18*k + 83. Calculate c(21).
20
Let k(l) = -l**3 + 10*l**2 - 51*l + 338. Determine k(10).
-172
Let r(t) = -t**2 + 119*t - 2171. Calculate r(97).
-37
Let d(j) = j**3 - 12*j**2 + 26*j + 54. Give d(6).
-6
Let i(b) = -172*b**2 + 1215*b - 94. Determine i(7).
-17
Let p(g) = 4*g**2 + 62*g + 51. Give p(-15).
21
Let o(p) = 353*p + 12000. What is o(-34)?
-2
Let n(x) = -88*x - 13110. Give n(-149).
2
Let y(l) = 115*l - 5055. Give y(44).
5
Let p(g) = -g**2 + 57. Calculate p(-8).
-7
Let i(m) = -2*m**3 - 56*m**2 + m + 54. Calculate i(-28).
26
Let k(i) = i**3 - 5*i**2 - 2*i + 2. Give k(-5).
-238
Let g(l) = -43*l + 1491. Calculate g(40).
-229
Let k(p) = 3*p**2 - 18*p + 20. Determine k(6).
20
Let z(p) = -2524*p - 63114. Determine z(-25).
-14
Let k(l) = -3777*l - 67976. Give k(-18).
10
Let y(f) = f**3 + 6*f**2 - 16*f + 1. Calculate y(-8).
1
Let b(g) = -2*g**3 - 52*g**2 + 54*g + 17. Determine b(-27).
17
Let n(l) = -l**2 + 402*l - 5410. Calculate n(14).
22
Let z(q) = q**2 + 22*q + 69. Calculate z(-23).
92
Let o(p) = -198*p - 207. Give o(-1).
-9
Let s(r) = -r**2 + 68*r - 994. What is s(47)?
-7
Let u(w) = -2*w**3 - 111*w**2 - 1517*w + 61. Calculate u(-31).
-1
Let t(d) = -33*d - 276. What is t(-8)?
-12
Let t(v) = v**3 - 25*v**2 - 14*v - 271. Determine t(26).
41
Let c(v) = v**3 - 53*v**2 + v - 80. Determine c(53).
-27
Let j(p) = -20*p + 98. What is j(8)?
-62
Let j(i) = -3*i**2 - 45*i + 21. What is j(-16)?
-27
Let n(m) = 4*m**3 + 31*m**2 - 35*m + 5. Determine n(1).
5
Let w(i) = -127*i - 6216. Give w(-49).
7
Let x(c) = -c**2 + 67*c - 258. Determine x(65).
-128
Let j(c) = c**3 + 11*c**2 - 22*c + 26. Give j(-13).
-26
Let i(y) = 291*y - 1164. Give i(4).
0
Let g(p) = -66*p + 312. Give g(10).
-348
Let u(t) = -t**2 + 9*t + 3. Give u(2).
17
Let h(s) = s**3 + 26*s**2 + 174*s - 55. Give h(-14).
-139
Let n(p) = 17*p + 109. What is n(-6)?
7
Let a(h) = h**3 + 70*h**2 + 74*h + 293. Determine a(-69).
-52
Let p(c) = 583*c - 286. Determine p(0).
-286
Let n(s) = s**3 + 46*s**2 + 428*s - 20. What is n(-13)?
-7
Let x(g) = 5*g**2 - 467*g + 1966. Give x(89).
8
Let v(a) = -14*a**2 - 129*a - 32. What is v(-9)?
-5
Let x(l) = -869*l + 6075. What is x(7)?
-8
Let x(h) = -h**3 + 11*h**2 + 6*h + 82. Determine x(12).
10
Let i(p) = 4*p**2 + 144*p - 46. Give i(-36).
-46
Let c(n) = n**3 + 20*n**2 - 27*n - 124. Calculate c(-21).
2
Let i(t) = -t**2 + 116*t - 2909. Give i(39).
94
Let q(j) = -j**2 - 57*j - 676. Determine q(-42).
-46
Let r(w) = 8*w**3 + 32*w**2 + 31*w - 1. What is r(-1)?
-8
Let d(k) = 254*k - 1026. Determine d(4).
-10
Let t(q) = 7*q - 280. Give t(36).
-28
Let q(c) = -4841*c - 24209. Determine q(-5).
-4
Let n(x) = -2*x**3 - 4*x**2 + 4. Give n(4).
-188
Let x(q) = -82*q**2 - 64*q - 63. Calculate x(-1).
-81
Let b(q) = -q**3 + 32*q**2 - 90*q - 12. Determine b(29).
-99
Let k(m) = -2*m + 168. Calculate k(29).
110
Let m(k) = k**3 + 7*k**2 - 6*k - 7. Determine m(-7).
35
Let n(g) = g**3 + 5*g**2 - 21*g - 116. Calculate n(-6).
-26
Let p(k) = -4*k**3 - 231*k**2 + 302*k + 417. Give p(-59).
4
Let h(j) = -17*j**2 - 10*j + 31. Determine h(2).
-57
Let o(l) = -2*l**2 + 15*l - 43. Give o(6).
-25
Let i(w) = w**3 + 2*w**2 + 13*w - 783. Give i(0).
-783
Let t(w) = 27*w - 235. Determine t(13).
116
Let w(c) = -11*c**3 + 144*c**2 - 17*c + 56. Calculate w(13).
4
Let b(q) = q**3 - 61*q**2 + 595*q - 77. What is b(12)?
7
Let a(n) = n**2 + 934*n + 4693. Calculate a(-5).
48
Let t(c) = 15*c**2 - 11*c + 10. Give t(1).
14
Let n(a) = 3*a**2 - 29*a + 5. What is n(10)?
15
Let g(o) = -2*o**3 + o**2 + 16*o - 4. Calculate g(0).
-4
Let p(i) = 237*i - 4507. Give p(19).
-4
Let b(a) = 92*a - 183. Calculate b(5).
277
Let a(c) = c**3 + 7*c**2 - 44*c + 7. Calculate a(-11).
7
Let a(b) = 3*b**3 - 134*b**2 + 95*b - 307. Calculate a(44).
1
Let j(t) = -t**3 - 67*t**2 + 137*t - 69. Calculate j(-69).
0
Let h(n) = n**2 + 39*n + 285. What is h(-9)?
15
Let a(z) = -469*z + 4215. What is a(9)?
-6
Let b(z) = 8*z - 350. Calculate b(48).
34
Let a(v) = v**2 - 47*v